{"id":16,"date":"2022-10-22T20:10:42","date_gmt":"2022-10-22T20:10:42","guid":{"rendered":"https:\/\/burntbarn.co.uk\/?page_id=16"},"modified":"2022-10-22T20:12:27","modified_gmt":"2022-10-22T20:12:27","slug":"exhibitions","status":"publish","type":"page","link":"https:\/\/burntbarn.co.uk\/index.php\/exhibitions\/","title":{"rendered":"Exhibitions"},"content":{"rendered":"<p>2016<br \/>\nThe Tiny Book Show, travelling across the USA<br \/>\nPrescriptions, Beaney House of Art and Knowledge, Canterbury, April 21st and August 14th, 2016<\/p>\n<p>2015<br \/>\nIdeation Experience, Abecedarian Gallery, Denver, USA<br \/>\nAn Inventory of Al-Mutanabbi Street Exhibition Exhibitions at various venues in the UK and USA<\/p>\n<p>2014<br \/>\nOf Green Leaf, Bird, and Flower\u201d: Artists\u2019 Books and the Natural World, Yale Center for British Art, New Haven, CT, USA<br \/>\nRUKSSIAN Artists\u2019 Books, Pavel Kuznetsov Museum, Saratov, Russia<br \/>\nLiverpool Artists\u2019 Book Exhibition, Central Library, Liverpool<br \/>\nRUKSSIAN Artists\u2019 Books, The Bread House, Moscow.<br \/>\nAn Inventory of Al-Mutanabbi Street Exhibition Exhibitions at various venues in the UK and USA<\/p>\n<p>2013<br \/>\n9th. International Book Arts Festival: \u2018Correspondence\u2019 Poland 2012-2014<br \/>\nFifth International Artists\u2019 Book Exhibition King St. Stephen Museum,Sz\u00e9kesfeh\u00e9rv\u00e1r, Hungary<br \/>\nAn Inventory of Al-Mutanabbi Street Exhibition John Rylands Library, Manchester<\/p>\n<p>2012<br \/>\n9th. International Book Arts Festival: \u2018Correspondence\u2019 Poland 2012-2014<br \/>\nSense Of Place In Artists Books Exhibition University Of Minnesota Architecture Library, Minneapolis, Minnesota, USA<\/p>\n<p>2011<br \/>\ntake one Hereford Museum and Art Gallery<\/p>\n<p>2010<br \/>\nwe have nothing in common KALEID Editions, London<br \/>\nMA Degree Show Camberwell College of Arts<br \/>\nMA Book Arts Show Studio, Camberwell College of Arts<br \/>\nHealth and Safety Library, Camberwell College of Arts<\/p>\n<p>2009<br \/>\nFollowing On Library, Camberwell College of Arts<br \/>\nBeginnings Library, Camberwell College of Arts<\/p>\n<p>2008<br \/>\nPlacement and Exhibition, The Rodd, Presteigne<br \/>\nHay-on-Wye Public Library, Hay Festival<\/p>\n<p>2007<br \/>\nPlymouth College of Art &amp; Design<br \/>\nMiddlesex University, Cat Hill Campus<br \/>\nManchester Metropolitan University<br \/>\nHay-on-Wye Public Library, Hay Festival<\/p>\n<p>2006 and 2005<br \/>\nMiddlesex University, Cat Hill Campus<br \/>\nHay-on-Wye Public Library, Hay Festival<\/p>\n","protected":false},"excerpt":{"rendered":"<p>2016 The Tiny Book Show, travelling across the USA Prescriptions, Beaney House of Art and Knowledge, Canterbury, April 21st and August 14th, 2016 2015 Ideation Experience, Abecedarian Gallery, Denver, USA An Inventory of Al-Mutanabbi Street Exhibition Exhibitions at various venues in the UK and USA 2014 Of Green Leaf, Bird, and Flower\u201d: Artists\u2019 Books and &hellip;<\/p>\n<p class=\"read-more\"> <a class=\"\" href=\"https:\/\/burntbarn.co.uk\/index.php\/exhibitions\/\"> <span class=\"screen-reader-text\">Exhibitions<\/span> Read More &raquo;<\/a><\/p>\n","protected":false},"author":2,"featured_media":0,"parent":0,"menu_order":0,"comment_status":"closed","ping_status":"closed","template":"","meta":{"site-sidebar-layout":"default","site-content-layout":"default","ast-global-header-display":"","ast-main-header-display":"","ast-hfb-above-header-display":"","ast-hfb-below-header-display":"","ast-hfb-mobile-header-display":"","site-post-title":"","ast-breadcrumbs-content":"","ast-featured-img":"","footer-sml-layout":"","theme-transparent-header-meta":"","adv-header-id-meta":"","stick-header-meta":"","header-above-stick-meta":"","header-main-stick-meta":"","header-below-stick-meta":"","footnotes":""},"class_list":["post-16","page","type-page","status-publish","hentry"],"_links":{"self":[{"href":"https:\/\/burntbarn.co.uk\/index.php\/wp-json\/wp\/v2\/pages\/16","targetHints":{"allow":["GET"]}}],"collection":[{"href":"https:\/\/burntbarn.co.uk\/index.php\/wp-json\/wp\/v2\/pages"}],"about":[{"href":"https:\/\/burntbarn.co.uk\/index.php\/wp-json\/wp\/v2\/types\/page"}],"author":[{"embeddable":true,"href":"https:\/\/burntbarn.co.uk\/index.php\/wp-json\/wp\/v2\/users\/2"}],"replies":[{"embeddable":true,"href":"https:\/\/burntbarn.co.uk\/index.php\/wp-json\/wp\/v2\/comments?post=16"}],"version-history":[{"count":2,"href":"https:\/\/burntbarn.co.uk\/index.php\/wp-json\/wp\/v2\/pages\/16\/revisions"}],"predecessor-version":[{"id":19,"href":"https:\/\/burntbarn.co.uk\/index.php\/wp-json\/wp\/v2\/pages\/16\/revisions\/19"}],"wp:attachment":[{"href":"https:\/\/burntbarn.co.uk\/index.php\/wp-json\/wp\/v2\/media?parent=16"}],"curies":[{"name":"wp","href":"https:\/\/api.w.org\/{rel}","templated":true}]}}